?
-4
(5 - (-3 + -1 + 4)) + -2
3
-11 - 2 - (-3 - 6)
-4
(-9 - -6) + 4 + -1
0
What is -5 - ((3 - 5) + -4)?
1
What is 7 + -4 - (5 + -3)?
1
Evaluate -3 - 1 - (-13 + 4).
5
Calculate 2 - 2 - (2 + -3).
1
-2 + 1 + 1 - (3 - 1)
-2
Evaluate 1 + -9 + 2 - -9 - -4.
7
What is the value of 5 - (3 + -2 + 0 + 4)?
0
-3 - (-4 + -4 + 5 - 1)
1
What is the value of -1 - ((-3 - -6) + 0)?
-4
What is the value of 5 - (-3 + (2 - -2) - 4)?
8
What is 5 - 3 - (0 - (1 + -3))?
0
Calculate 1 + -1 + -1 + 3.
2
-6 + (-3 - 0) + 11
2
(0 - 12) + -6 + 9 + 2
-7
What is the value of 4 + 5 - (1 + 8)?
0
Evaluate 0 - 1 - (3 - (4 - -2)).
2
What is the value of 6 - (4 - -2) - -1?
1
-9 + 13 - (5 - -2)
-3
Evaluate 0 - -4 - (4 - -4).
-4
What is -1 + (5 + -2 - -3)?
5
What is the value of -1 + 0 + 5 + -10?
-6
What is 12 - (21 + (12 - 20))?
-1
What is -5 - (-3 + 5 - 3 - 2)?
-2
Calculate -6 + -4 + -5 + 8.
-7
Calculate -2 + 3 + (0 - 4).
-3
(12 - (-10 + 7)) + 3 + -11
7
Evaluate 0 + (-1 - (4 + -3)) - -1.
-1
Evaluate 2 + 0 - 2 - 3 - -4.
1
What is the value of (52 - 55) + (0 + 9 - 2)?
4
Calculate -8 - -17 - (0 - -12).
-3
Evaluate 10 - (9 + 0 - -6).
-5
Evaluate 7 + -1 - (-7 - -5) - 2.
6
5 + -3 + 3 + -8
-3
(-16 - (-1 - 10)) + (0 - -5)
0
What is the value of (-1 - -4) + 15 + -14?
4
Calculate -11 - (12 + 0 + -21).
-2
What is (12 - 7) + 3 - 3?
5
-9 - (1 - (8 - 3))
-5
(30 - 27) + 1 + -1
3
Evaluate (1 + -7 - -3) + 0.
-3
What is the value of -7 + 2 + 9 - -4?
8
What is the value of (-3 - (-7 - -5) - 1) + -5?
-7
Evaluate (-6 - 0) + 5 + -2 + 3.
0
Calculate 8 + (0 + -5 - (-2 - -1)).
4
Calculate (10 + -2 - 4) + (-4 - 6).
-6
Calculate -10 + 15 + (1 - 2).
4
Evaluate -7 + -2 - ((1 - 3) + -1).
-6
8 + (3 + 6 - 9)
8
Evaluate 1 - 1 - 2 - -5 - 7.
-4
Calculate (6 - 10) + -3 + 8.
1
2 + 4 - (4 - 2)
4
Calculate (-18 - -8) + (1 - 8 - -13).
-4
Evaluate 5 + -2 + (-5 - -6 - 3).
1
2 + 0 + 12 + -19 + 3
-2
Calculate (4 + -3 - (9 + -11)) + -1.
2
Evaluate -4 + 1 + -14 - -9.
-8
Calculate -1 + -2 + 6 + -1.
2
What is 3 + (-5 - (-7 + (-2 - -6)))?
1
-2 - (-6 + 6 + -7)
5
-5 - (-7 + 10) - -10
2
What is -3 - (-4 + (-3 - -5))?
-1
Calculate 2 + 5 + (-1 - 2) + -4.
0
Evaluate -3 + (-2 - 0) - -5 - -3.
3
Calculate -2 - (-4 - -4 - 3).
1
Evaluate 18 - 12 - (5 - 1).
2
Calculate 41 - 36 - (0 + 8) - -5.
2
What is the value of -2 + (-5 + 7 - -7)?
7
Calculate (7 - 8 - -6) + 0.
5
What is the value of 3 - ((2 - -1) + 2)?
-2
Calculate -1 + -1 + -4 + 2 + 2.
-2
What is the value of 0 + (-1 - 3) + 7 + -3?
0
What is 0 - (-20 - -8 - -7)?
5
Evaluate -21 - -17 - (2 + (-2 - 0)).
-4
What is the value of 12 + (-9 - 2 - -3)?
4
Calculate (-19 - (-35 + 18)) + (1 - -3).
2
Calculate 15 + (-14 - -11) + -11.
1
Evaluate -6 + (5 - 1) + 1.
-1
(-1 - (2 + -3)) + -3
-3
What is the value of (-3 - (-13 - 4)) + -10?
4
What is the value of 19 + -28 - (-9 + 1)?
-1
Evaluate 2 - (12 - (8 - 0)).
-2
Evaluate 2 - ((1 - 0) + 1).
0
What is the value of 3 + 1 - (18 - (0 - -14))?
0
What is the value of 2 + (0 - 1) + -6?
-5
What is -3 + 5 + -2 + (1 - 1)?
0
What is (-22 - -21) + 5 + 1?
5
Calculate -1 + (1 - 1) - (7 - 8).
0
Evaluate -2 - ((-7 - -8) + (1 - 3)).
-1
What is -4 - (-8 + -11 + 16)?
-1
What is the value of 0 + -1 + (3 - 0 - 1)?
1
Calculate -9 + 10 - (-4 + (-2 - -2)).
5
What is (-11 - -24) + -17 + -3?
-7
4 + 4 + -10 - -6
4
Evaluate -2 + (6 - (5 - 4)) + -3.
0
What is the value of -9 - -13 - (1 + -1)?
4
(1 - -9) + 41 + -48
3
Calculate (2 + 6 - 0) + -4 - 4.
0
What is (0 - 0) + -5 + (9 - 3)?
1
Evaluate 2 - ((-2 - 4) + 4).
4
Calculate (16 - (16 + -10)) + -5.
5
-1 + (7 - 3 - 6)
-3
What is the value of -13 - (-22 + -13 + 26)?
-4
What is the value of (1 - (3 - -1)) + -4?
-7
What is the value of 3 - (3 + 4 + 4 + -5)?
-3
0 + -1 + (-1 - -3 - 5)
-4
Calculate 1 - 1 - (-5 + 0 + 10).
-5
What is 6 - (-1 - -2 - (-7 + -5))?
-7
(-23 + 21 - (2 + -2)) + -2
-4
Evaluate 8 - (-6 + 8) - -9 - 4.
11
Calculate 2 + (-6 - -7) + -1.
2
-1 + -1 + -5 - (-74 + 75)
-8
What is the value of 6 - (-1 + (1 - -4))?
2
Evaluate (14 - 8) + -1 + -5.
0
Calculate (-4 - -6 - 3) + 3 + 2.
4
What is the value of -9 + 2 + (-9 - -22) - 6?
0
Evaluate -2 - (-5 + 7) - -6.
2
-6 + 10 + -4 - -3
3
6 + -1 + -2 + -1
2
What is 4 + (2 - 2) + -4?
0
What is -1 - (0 + (3 + -5 - 3))?
4
Calculate -5 - ((10 - 5) + -10).
0
6 + -4 + 3 + -3 - 3
-1
What is the value of 0 + 2 + (-10 - -4)?
-4
Evaluate -4 + 3 + (7 - 5).
1
What is the value of 22 + -11 + -9 + (0 - 5)?
-3
Calculate -1 + (4 - 1 - -2) + -4.
0
Evaluate -6 + 7 + -11 + 14.
4
-3 - (-7 + -2 + (-1 - -5))
2
What is the value of 0 - -1 - (-19 + 5 + 10)?
5
Evaluate 6 - (11 + -7 - 2).
4
Evaluate -4 - (8 + (-8 - -1)).
-5
Evaluate (-8 - (-6 - -2)) + 2.
-2
(7 - (-1 + 4)) + 0 + -3
1
Evaluate -5 - (-4 - 9 - -6).
2
13 + -3 + -7 + 4
7
Evaluate 2 - (-2 - -2) - 2 - -4.
4
Evaluate -7 - -1 - (-88 + 89) - -1.
-6
(2 - 6 - 2) + 8 - 6
-4
What is 7 + 9 + -6 + -7?
3
What is the value of 7 + -6 + -2 + -2?
-3
Calculate 9 + -3 - (-18 + 29).
-5
1 - (10 - (2 + 5))
-2
What is the value of 1 - (6 - (5 + -1))?
-1
Evaluate -1 + ((-1 - -4) + -7 - -4).
-1
What is 1 + 2 - 1 - (5 - 4)?
1
What is 2 + -3 + 5 - 2 - -3?
5
What is -1 + 1 + (-2 - -5)?
3
What is 0 + 7 + 0 + -6 + 0?
1
Evaluate (5 - -1) + -14 + 10.
2
What is the value of 5 - (5 - (3 + -7) - 4)?
0
What is the value of (-1 - (3 + -2)) + (49 - 41)?
6
What is 3 + -2 + (10 + -6 - 3)?
2
What is -1 + 4 - (3 - 0)?
0
What is the value of -1 + 0 + 15 + -4 + -6?
4
(-8 + -1 + -1 - -2) + 3
-5
What is the value of 5 + (3 + -6 - 4)?
-2
What is 7 - (2 - (-11 - (-4 + -2)))?
0
-3 + 2 + 0 + (-2 - -7)
4
What is the value of 0 + -9 + 25 + -10?
6
What is (-1 - 7) + 5 + (-8 - -5)?
-6
What is the value of 2 + -5 - 2 - -3?
-2
10 + -9 + 4 - 6
-1
Evaluate -14 + (-9 - -4 - -14).
-5
What is the value of -9 + (12 - (15 - 2))?
-10
Evaluate -17 - -12 - (-5 + (5 - 1)).
-4
2 + 4 + 3 + -2 + -1
6
What is the value of -11 - (-17 - (9 - 10))?
5
What is the value of 2 + (-8 - -13) + -6?
1
What is the value of 3 - (-5 - -9 - (-1 + 6))?
4
What is 10 + (-4 - 6) - 6?
-6
What is (42 - 47) + (6 - 1)?
0
Calculate (12 - 21) + (2 - (-4 + 0)).
-3
Calculate -2 - (-4 + 4) - (-1 - 0).
-1
Evaluate (8 - 0) + -3 - (2 - 1).
4
Calculate 3 + (6 - 7) - 4.
-2
0 - 3 - (-7 - (-6 - 3))
-5
What is the value of (-60 - -61) + -1 + (1 - -4)?
5
1 + (-1 - -5) + 2 + -3
4
What is the value of 4 - 2 - (-12 - -6)?
8
Evaluate -5 + (-1 - (7 - 4)) - -4.
-5
5 - (3 + (6 - 6)) - -2
4
What is the value of (2 - (14 - (10 + -3))) + 1?
-4
What is -3 - (-12 - (-16 + 6))?
-1
What is the value of 4 + 9 + -13 + 3 + -2?
1
Evaluate (0 + 5 - (13 + -13)) + -3.
2
What is 2 - (-2 - 0) - 1?
3
Calculate -1 + -10 + 48 + -36.
1
(22 - 16) + -7 + -1
-2
Evaluate -4 - (-21 - (-14 - -4)).
7
Calculate 0 - (-2 - (2 - 2)).
2
Calculate 5 + -5 + -2 - 4.
-6
Calculate 0 + -6 - ((-32 - -16) + 18).
-8
Calculate -23 + 24 + (-4 - -1).
-2
What is 5 + 4 - 13 - 1?
-5
Evaluate -40 + 36 + (-2 - -1) + 4.
-1
What is the value of (0 - 1) + -1 + -1?
-3
What is the value of 8 + 2 + -20 + 5 + 1?
-4
What is 6 - 9 - -5 - (5 + 3)?
-6
Calculate -1 + -4 + 7 + 2.
4
What is (3 - (6 + 5)) + 4 + 4?
0
What is (-1 - 0) + (51 - 58) - -3?
-5
Calculate -5 + 3 + (-1 - 4) + 14.
7
3 + 3 + (-9 - (-15 - -7))
5
What is the value of 4 + 1 - (-7 - -4 - -4)?
4
What is 1 + 0 + 4 + -5?
0
Calculate (-11 - -17) + -1 + -3.
2
What is the value of -3 + (0 + -2 - -7)?
2
What is the value of -7 - (-6 + 5) - -3?
-3
What is the value of 12 + (-8 - 3) - (7 - 4)?
-2
(1 - -2) + (1 - 1)
3
Evaluate -10 + 2 + 3 + 3 + -1.
-3
Calculate 3 + (0 - 5) - (-2 + 6).
-6
Evaluate -7 - (-5 + 1) - 2.
-5
What is (-1 - 1) + 5 - (25 - 26)?
4
What is the value of 73 - 75 - (-1 - 1)?
0
What is (0 - -4) + -2 + -2?
0
-3 + 6 - (1 - 3)
5
2 + (1 - -2) + -4 + -5
-4
Calculate 3 + 4 + -3 - 4.
0
2 + (-3 - -1) + -2
-2
(61 - 51) + (-4 - -1)
7
What is (3 - 2) + (-2 - (4 + -5))?
0
Evaluate -3 - (-6 - -8) - -4.
-1
What is 10 + -6 - (9 + (6 - 8))?
-3
What is (3 + -4 - -5) + 5 + -2?
7
Evaluate -153 - -157 - (-1 - 3).
8
-4 - ((8 - 10) + 0)
-2
-7 - (0 + 4 - 4)
-7
Calculate (-4 - -2 - 4) + (-51 - -52).
-5
(8 - 7) + 5 + -6
0
What is -2 - (1 + 6 + -14) - -5?
10
Calculate 2 + (2 + 0 - 2).
2
Calculate (1 - -1) + (-4 - -6).
4
What is the value of -6 + 7 + (4 - 6)?
-1
What is the value of 3 - (-1 + -3 + 4)?
3
1 + (4 + -7 - -9) + -4
3
What is -9 - (-5 - -1 - -4 - 4)?
-5
Calculate 5 